). Suppose 136 = 24*w - 320. Calculate the highest common factor of w and j.
19
Suppose -140 + 21 = -h. Suppose 3*n + 4*k - 436 - h = 0, 3*k - 180 = -n. What is the highest common factor of 27 and n?
27
Let d(y) = y**3 - 4*y**2 + 7*y - 5. Let k be d(2). Let p(v) = 12*v**3 + 2*v - 3. Let i be p(k). What is the greatest common divisor of i and 99?
11
Let l be -1*(-3)/(-6)*-110. Let j = l - 43. What is the highest common divisor of j and 108?
12
Let o be (-57114)/228*(-2)/3. Calculate the greatest common divisor of o and 2839.
167
Suppose 5*b = -q + 30, 0 = 3*q + b + 5 - 25. Let s(c) = -c**3 + 6*c**2 - 2*c - 4. Let k be s(4). What is the highest common factor of k and q?
5
Let w be 1 + 1/(-3) - 601594/(-291). Calculate the greatest common divisor of 44 and w.
44
Let y = 50 + -47. Let f be 0 + (y - -44) + -2. Suppose -2*c = -u + 22, -3*c + 12 = 3*u - 2*u. What is the greatest common factor of f and u?
9
Let a = -246 - -266. Suppose -4 = 3*o - 4*o. What is the highest common divisor of o and a?
4
Let r be 74/3 + 8/(-12). Suppose 4*q + k = r, 0*q + 2*k + 17 = 5*q. Suppose v - 4*n - 10 = 3*v, 2*v = q*n + 17. What is the highest common divisor of v and 3?
1
Let k = 155 + -34. Suppose 51 = 5*x + 2*g, -x + 2*g + 13 = -2. Calculate the greatest common factor of k and x.
11
Suppose 4*t + 42 - 1178 = 0. Let w = t + -191. Let l be (-22)/(3 + w/(-30)). Calculate the highest common factor of l and 20.
20
Let l = -7 + 12. Let j = 512 - 510. Calculate the highest common factor of l and j.
1
Let h be (-2 - 2)*(-1)/4 + 1. Suppose -h*j + 5*a = -660, 3*j - 215 = 2*a + 775. What is the greatest common factor of 33 and j?
33
Let i(g) = -9*g - g**2 + 0 - 4 - 5 + 0*g. Let b be i(-5). Calculate the highest common divisor of 33 and b.
11
Let i(c) = 4*c - 6. Let k be i(5). Let y = k - 9. Suppose -24*a = -12*a - 19*a + 385. What is the highest common factor of y and a?
5
Let z = -1336 + 1348. Calculate the highest common factor of z and 228.
12
Let u be (140/(-16))/((-10)/40). Suppose -11 = -z + c, 5*z + 37 = 4*c + 96. What is the highest common divisor of u and z?
5
Suppose -182 = -4*d + 3*u, -3*u - 2*u = 4*d - 166. Suppose 0 = -5*w + 6*w + 25. Let k be 54/15 + (-10)/w. Calculate the greatest common factor of d and k.
4
Let i = 899 + -863. What is the highest common factor of i and 18?
18
Let t be 48/30 + (-3)/5. Let r = t + -3. Let k = 8 - r. What is the greatest common divisor of k and 40?
10
Let d(f) be the third derivative of -f**5/60 - f**4/2 - 3*f**3/2 - 5*f**2. Let t be d(-7). Let p = t + -12. Calculate the greatest common divisor of p and 14.
14
Let g = 27 + -44. Let v(r) = r + 21. Let q be v(g). Calculate the greatest common divisor of 32 and q.
4
Let y(m) = -m - 39. Let w be y(-7). Let s be w/(-144) - (-88)/9. Calculate the greatest common divisor of s and 70.
10
Suppose -i = 3*d - 27, -56*d = -3*i - 55*d + 71. What is the greatest common factor of i and 2616?
24
Let s be 15/(-2 + (-14)/(-4)). Suppose g + 4*f - 8 = 0, -3*g + 18 + 36 = 2*f. Let o be 477/45 - (-6)/g*-2. Calculate the highest common factor of s and o.
10
Suppose 0*v - 224 = -14*v. Calculate the highest common divisor of 2864 and v.
16
Suppose -9*b = -5*b - 620. Suppose 6*m - 1091 = -b. What is the highest common divisor of m and 12?
12
Suppose 2*o = -10, -2*q + o - 140 = 5*o. Let v = q + 66. Calculate the highest common factor of 6 and v.
6
Let j be (-2 - (-14)/(-8))*(-52 - 0). Calculate the greatest common factor of j and 30.
15
Suppose -4*s - 2*k + 2240 = 0, 168*s = 172*s - 5*k - 2212. Calculate the highest common divisor of 36 and s.
18
Let a(v) be the first derivative of 19*v**2/2 + 6*v - 5. Let h be a(6). What is the highest common divisor of h and 40?
40
Suppose 5*i - 69 + 9 = 0. Let c be (243/12)/(6/16). Suppose -2*t - t = -c. What is the highest common factor of t and i?
6
Suppose -6 = -4*u - 2*l, 9 = 2*l + l. Suppose -z - 16 = -5*z. Suppose 3*i + o - 147 = 200, u = i + z*o - 123. What is the greatest common divisor of 46 and i?
23
Let x(f) = f**3 - 23*f**2 - 11*f - 59. Let m be x(24). What is the greatest common factor of m and 22?
11
Let m be 42/56 + 10/8. Let d be (-1)/m - (-350)/20. Let l = 68 - -17. What is the highest common factor of d and l?
17
Let y = -42 - -76. Let j(g) = -12*g - 2. Let d be j(-3). What is the highest common factor of d and y?
34
Let t = -363 + 391. Calculate the highest common divisor of t and 224.
28
Let s = 37 - 25. Suppose 21 = u - v, 0 = 5*u - 4*v - 92 - s. Calculate the greatest common factor of 10 and u.
10
Suppose 1606 = -5*u - k, -4*k - 172 = 3*u + 795. Let o = u - -521. What is the greatest common factor of 50 and o?
50
Let d = -29 - -31. Suppose k = -2*k. Suppose k = -d*n - 0*n + 32. What is the highest common factor of 176 and n?
16
Let i = 75 - 16. Suppose 2*o - 53 - i = 0. Let f(q) = -10*q - 12. Let a be f(-2). Calculate the highest common divisor of o and a.
8
Let d be (40/(-3))/((-3)/9). Let c(u) = u**2 + 2*u - 6. Let x be c(3). Suppose 2*f = x*f - 35. Calculate the greatest common factor of d and f.
5
Let m(v) = -v**3 + 6*v**2 + 2*v + 5. Suppose 5*s - 3 = 27. Let u be m(s). Suppose -262*j + 286*j - 408 = 0. Calculate the greatest common divisor of u and j.
17
Suppose -6*s + 18*s = 432. Calculate the greatest common divisor of s and 234.
18
Let a be ((-64)/(-10))/(2 + 438/(-220)). What is the greatest common divisor of a and 22?
22
Let b be ((-8)/(-5))/((-28)/(-70)). Let t be (41 - 2)*(b/3)/4. Calculate the highest common factor of 169 and t.
13
Let o be 2/1 - -1*4. Let y be (-45)/(-5) - (1 - 2). Let k be (15/y)/(0 + 1/12). Calculate the highest common divisor of k and o.
6
Suppose 5*c + 3*a + 28 = 0, -8*a = 5*c - 3*a + 20. Let m be 4*(36/c)/3. Let v(z) = -10*z - 5. Let x be v(m). Calculate the highest common factor of 5 and x.
5
Let h(v) = 9*v + 514. Let c be h(-36). What is the highest common divisor of 90 and c?
10
Let h(d) = -261*d**3 + d**2 + 2*d + 1. Let t be 1/((-1)/(-3)) + -1 + -3. Let k be h(t). What is the greatest common factor of k and 29?
29
Suppose 7*m - 350 = -28*m. What is the greatest common factor of 530 and m?
10
Let o(p) = -p + 29. Let b be o(0). Suppose -3*a = -4 - b. Suppose x - 77 = 4*n, -5*x - 308 = -9*x + 4*n. What is the highest common factor of a and x?
11
Suppose -3*c - 52 = -5*c. Let j = 44 - c. What is the highest common factor of j and 6?
6
Let o be 53 - (-4 + -4 - -13). What is the greatest common factor of o and 384?
48
Suppose -3*k - 2*g = -10205, 2*k - 8190 + 1400 = -4*g. What is the highest common divisor of 15 and k?
15
Suppose 6*n - 11 = 19. Suppose -n*g + 32 = 4*h, 4*h + 2*g = -0*g + 20. Calculate the greatest common divisor of h and 7.
1
Let o(d) = -281*d + 143*d - 3 + 135*d + d**2. Suppose 0 = -2*k + 16 - 2. Let m be o(k). What is the greatest common divisor of 225 and m?
25
Let y(t) = 2*t**3 - 20*t**2 + 17*t - 46. Let o be y(10). Calculate the highest common divisor of 4 and o.
4
Let k be -6*(-2)/3*(-728)/(-224). What is the greatest common divisor of 2821 and k?
13
Let n = -3 + 23. Let j = -2 + n. Suppose -2*x = -0*x - 5*c + 16, -3*x - 3*c = -j. What is the greatest common divisor of x and 3?
1
Let k(v) = -5*v + 4. Suppose -y - 6 = 2*f - 5, 10 = -2*y + 4*f. Let t be k(y). Let p be (1 + -189 + -2)*(-6)/12. What is the highest common divisor of t and p?
19
Suppose 0 = 5*m, -5*d - 382 = -5*m + 23. Let a = d + 87. Let f be 4/((-14)/(-12) - 1). Calculate the highest common factor of a and f.
6
Let w(r) = 4 + 0*r + 9*r + 0*r - 3. Let p be w(2). Calculate the highest common factor of 57 and p.
19
Let a(f) = -f + 14. Let n be a(10). Let b be ((-16)/(-10))/((-2)/(-5)). What is the greatest common divisor of b and n?
4
Let d be (-208)/26*(-2)/4. Let j(h) = 2*h + 25. Let o be j(d). What is the highest common factor of o and 231?
33
Let b(p) = 9*p + 3. Let l(x) = -19*x - 5. Let h(q) = -5*b(q) - 2*l(q). Let n = 11 - 21. Let m be h(n). Calculate the greatest common divisor of m and 26.
13
Suppose s - 120 = 5*s. Let v be (-1)/6 - (215/s - -3). Let x be 2*(2 + 0)*7. Calculate the highest common divisor of v and x.
4
Let h(p) = p**3 - 3*p**2 - 2*p - 4. Let i be h(5). Suppose -3*j = 3*r - 4*j - 275, -4*j + 250 = 3*r. Calculate the greatest common factor of r and i.
18
Let l be 349/3 + 4/6. Let w = -17 + 22. Suppose w*d